 = 350 + 184. Let w = k + 29. What is the greatest common factor of w and 23?
23
Suppose -11*x + 221 = 6*x. Suppose -x*g - 3*g + 432 = 0. What is the highest common factor of g and 207?
9
Let b be 24/36*(-66)/(-4). Suppose -1992 = 7*f - b*f. Calculate the highest common divisor of f and 6.
6
Let k(a) = a**2 + a - 1. Let q be k(4). Let t be 20/26 - 12/(-52). What is the greatest common divisor of q and t?
1
Let h be 364/10 + 20/(-50). Suppose 0 = -327*n + 318*n + h. Calculate the greatest common divisor of n and 62.
2
Let m(f) = 3*f**2 - 15*f + 22. Let q be m(-5). Let z be (-1)/2 + (-8)/((-64)/q). Calculate the highest common divisor of 1113 and z.
21
Let l(s) = s**2 + 140*s + 3972. Let d be l(-38). Let w = -368 - -524. What is the greatest common divisor of w and d?
12
Let g(p) = 2*p**3 - 25*p**2 + 34*p + 34. Let o be g(11). What is the greatest common divisor of 954 and o?
9
Let k = 1019 + -597. Let n = -99 + k. What is the greatest common divisor of 17 and n?
17
Let x = -285 + 468. Suppose 0 = 20*s - x + 23. What is the highest common divisor of 56 and s?
8
Suppose 0 = 2*l - 5*x + 84, -3*x = -4*l + 2*l - 76. Let r be 0 + 3/(-4) - 184/l. Let b be r/((-15)/(-9)) + 9. Calculate the highest common divisor of 4 and b.
4
Let x(p) = -2*p**3 - 7*p**2 - 44*p - 6. Let i be x(-6). Calculate the highest common factor of 18 and i.
6
Suppose -4*s + 0*s = 4, 0 = 3*k + 3*s - 252. Suppose -212 = -9*c + 436. Suppose -71*y + c*y - 34 = 0. What is the greatest common factor of k and y?
17
Suppose 0 = 3*s - 5*l - 655, 6*l + 216 = s + 2*l. Calculate the greatest common divisor of 528 and s.
44
Let h be 3/12*((-255)/17 - -13)*-44490. What is the greatest common divisor of h and 30?
15
Suppose 6*m - 2*m - 4 = 0. Let j = -46 + 42. Let u be j - (-1 + m*-14). Calculate the highest common divisor of u and 11.
11
Let q(i) = -i**2 - 27*i - 132. Suppose -82 = 4*j - 4*x + x, j + 9 = -5*x. Let u be q(j). What is the highest common divisor of u and 12?
4
Let k(d) = d + 25. Let w be k(-4). Let j be (1 - 0)*((w - 6) + 5). Calculate the highest common factor of 160 and j.
20
Let p be 20 - (-4 + -3) - -9. Let s be 5/10*36*9. What is the greatest common divisor of s and p?
18
Suppose 0 = 3*w - 5*x + 6*x - 2026, 0 = 4*w - x - 2706. What is the greatest common factor of 364 and w?
52
Suppose 2*p + 5*z = 678 - 66, 612 = 2*p - 4*z. Calculate the highest common divisor of p and 578.
34
Suppose 0 = -j + x + 8, 243*x + 20 = j + 248*x. What is the highest common divisor of j and 305?
5
Let k be ((-2)/(-24) + (-16779)/(-4284))*(-4)/(-2). Let x = 18 + -10. Calculate the highest common divisor of k and x.
8
Let a = -27 + 188. Let f = a - 156. Calculate the highest common factor of f and 1.
1
Let g be 1/(13 + -11)*210. Calculate the greatest common divisor of 56 and g.
7
Let p(n) be the first derivative of -n**4/4 - 13*n**3/3 + 29*n**2/2 + 36*n + 77. Let w be p(-15). Calculate the greatest common divisor of 561 and w.
51
Suppose -45*v = -35*v + 3690. Let s be v/(-205)*130/3. Calculate the highest common factor of 6 and s.
6
Let u(v) = -6*v + 9 - 11 + 0 + 8. Let k be u(5). Let y = k - -42. Calculate the highest common divisor of y and 27.
9
Suppose -x + i + 370 = 0, 5*x + 78*i = 77*i + 1820. Calculate the greatest common divisor of x and 803.
73
Let n be 4 + 32*(8 - 6). What is the highest common divisor of 765 and n?
17
Suppose -72*c + 73*c - 1020 = 0. Let q(y) = -24*y + 228. Let b be q(7). What is the highest common divisor of c and b?
60
Let o be (-1305)/(-29) - 12/(4 - 0). Calculate the greatest common divisor of 87 and o.
3
Let z be 20642/62 - (34 + 4224/(-124)). What is the highest common factor of 1591 and z?
37
Let a be -6 + (1 - 1 - 37/(259/(-98))). What is the highest common divisor of 1524 and a?
4
Let x = -673 - -328. Let n be x/6*(-16)/10. Suppose 2*k - 83 = -l + n, 4 = -4*l. What is the highest common factor of k and 11?
11
Let b = 25 + -17. Let g(m) = -2 - b - 6 + 3*m - 20. Let f be g(14). What is the greatest common divisor of f and 2?
2
Suppose -60*m + 791 - 42 + 691 = 0. Calculate the highest common factor of 6264 and m.
24
Let d be ((-2)/4)/(2/4 - 0). Let a = 59 + -49. Let x be (a - d) + (2 - -2). What is the highest common divisor of x and 15?
15
Let z = -987 - -989. Suppose -z*u + 1334 = 384. What is the greatest common divisor of 25 and u?
25
Let y = -5872 - -6187. What is the highest common factor of 3500 and y?
35
Let h(u) = 66*u - 327. Let i be h(5). Suppose 480 - 180 = i*v. Calculate the greatest common divisor of 5 and v.
5
Let m be 2/((-72)/(-6516)) - 11*-1. Let t = 229 + -145. What is the highest common factor of m and t?
12
Let y(s) = s**3 - 7*s**2 - 9*s + 9. Let p be y(8). Let n be (p/(-1))/(10/(-20)). Suppose -n*a - 3*a = -675. What is the highest common factor of a and 15?
15
Suppose 5*g + 190 = -4*b, -3*g + 4*g - 3*b + 57 = 0. Let t = -7 - g. What is the highest common factor of 7 and t?
7
Let x(a) = 81*a + 14. Let v be x(1). What is the highest common divisor of v and 5?
5
Let b = -16423 - -16500. What is the highest common divisor of 1166 and b?
11
Let z(s) = 2*s**2 - 62*s - 56. Let i be z(32). Let d be -1 + (i/(-5))/(7/(-385)). What is the greatest common divisor of 29 and d?
29
Suppose -5*l + u = -533, 412 = 496*l - 492*l + 4*u. Calculate the highest common divisor of 16 and l.
2
Suppose 84*a = 83*a - 5*j + 30, -4*j - 92 = -5*a. Let w be (2 + -3)*(-4 - -10). Let f be (-482)/(-6) - (-2)/w. Calculate the greatest common divisor of f and a.
20
Suppose -3*v + 4*d + 210 = 0, -3*d = 4*v - 269 - 11. What is the highest common factor of 520 and v?
10
Let p(o) = -o**3 + 23*o**2 - 7*o + 8. Let t be p(-4). Suppose 0 = -a - 3*z + t, 5*a + 3*z = 1250 + 1066. Calculate the greatest common divisor of 7 and a.
7
Suppose -2*b + b + 5*y = -385, y - 1925 = -5*b. What is the greatest common factor of 2420 and b?
55
Suppose l - 60 + 57 = -3*h, 5*l + 25 = -5*h. What is the highest common divisor of 5284 and h?
4
Let o(d) = 4*d**3 - 2*d**2 + 3*d + 10. Let s be o(6). Suppose 0 = 12*u - s - 440. What is the greatest common divisor of u and 75?
15
Suppose 4*y + 5609 = -5*l + 15250, -3*l - 21 = 0. What is the highest common factor of y and 177?
59
Let k be 12/(3 + 216/(-80)). What is the greatest common factor of k and 1880?
40
Let v = -2438 - -19984. Calculate the greatest common factor of v and 62.
62
Let h = 304 + -258. Suppose h*r = 48*r - 270. Calculate the greatest common factor of 5 and r.
5
Let q be (-1203)/(-2)*(-536)/(-201). What is the greatest common factor of 4 and q?
4
Let m(t) = 138*t + 12. Let n be m(7). Suppose 5630 = 16*z - n. Calculate the highest common factor of 7 and z.
7
Suppose -18*j = 4*j + 6*j - 32032. Calculate the highest common divisor of 1573 and j.
143
Let q = -4767 - -5250. Calculate the highest common factor of q and 357.
21
Let j(s) = s**2 + 8*s + 72. Let c be j(0). What is the greatest common factor of c and 584?
8
Suppose -n + 154 = n - 2*s, -4*s + 217 = 3*n. Suppose -2*u - y = -37, -4*u - 2*y = y - 81. Calculate the greatest common divisor of n and u.
15
Suppose k - 6 = -2*d, 0 = -5*k + 979*d - 984*d + 55. Calculate the greatest common factor of 1056 and k.
16
Suppose -5*m = -d + 350, 2*d + 2*m - 112 = 528. Calculate the greatest common divisor of 3120 and d.
65
Let q = -5321 + 9020. What is the highest common divisor of q and 137?
137
Let g be 2/(3/(-108)*-8). Suppose 0 = g*t - 38 - 52. Calculate the highest common factor of 22 and t.
2
Let t be (-1 + -3 + 1)*-29. Suppose 6*f = 10*f + 2*w - 44, 0 = -4*f + 2*w + 36. Suppose f*c - 173 = 407. What is the highest common factor of t and c?
29
Let z be (-80)/6*9/(-48)*6. Calculate the highest common divisor of z and 3155.
5
Let v be (22 - 2) + -8*(-50)/(-40). Let r = 44 - 29. What is the highest common divisor of r and v?
5
Let c = 29301 + -28993. Calculate the greatest common divisor of c and 462.
154
Let s(y) = 5*y**3 - 5*y**2 - 4*y + 9. Let r(i) = i**3 + 11*i**2 + 9*i - 8. Let p be r(-10). Let w be s(p). Calculate the greatest common divisor of w and 483.
21
Let x be (1 - (-6 - -11)) + 778. What is the highest common divisor of x and 946?
86
Let n(x) = -8*x - 14. Let y be n(-3). Suppose 23*t - 22*t - y = -4*m, -5*t + 94 = -2*m. Let g be (2 - 2) + 180/1. What is the highest common factor of t 